).
-1
Let w(h) = -h - 1. Let q be w(-4). Let y(v) be the third derivative of -v**2 + 1/6*v**4 + 0*v + 2/3*v**q + 0 - 1/60*v**5. Calculate y(4).
4
Suppose -2*b = -10*b. Let l(z) be the second derivative of z**5/20 + z**4/12 + 7*z**2/2 + 2*z. What is l(b)?
7
Let h = -3 + -3. Let v be (h*2/(-3))/2. Let f(x) = 3 - 4 + x**v - 2 - 2*x + 4. Determine f(1).
0
Let o(s) be the first derivative of -s**6/360 + s**5/60 - s**4/8 - s**3/3 + 1. Let f(q) be the third derivative of o(q). Let r = -23 + 25. Give f(r).
-3
Suppose -19 = 3*b - r, -5*b + 10*b + r + 21 = 0. Let x(s) = 2*s - 1. Calculate x(b).
-11
Let i = -13 - -7. Let a(h) = h**2 - 5. Let f(g) = -g**2 + g + 6. Let z(m) = 6*a(m) + 5*f(m). Give z(i).
6
Suppose 3*w - 3*v + 6*v = 9, 9 = -w - 5*v. Let q be 5 - ((-2)/(-2))/1. Let b(c) = -c - q*c + w*c. Determine b(-5).
-5
Let u(i) be the second derivative of i**5/20 + i**4/6 - i**3/2 + i**2/2 + 16*i. Calculate u(-3).
1
Let i(l) = -2*l + 3*l**2 - 4*l**2 - l + 0*l. Give i(-4).
-4
Let p = 17 - 20. Let l(r) = 2*r**2 + 4*r + 3. What is l(p)?
9
Let q(a) = a**2 + 1 - 2 - 4*a - 2. Suppose 2*m = 34 + 6. Suppose -10*p + 5*p = -m. Determine q(p).
-3
Let g(n) = -n**3 + 2*n**2 - 2*n - 2. Let c be (-1)/3 - 7/(-3). Suppose 0 = -2*k + 8, k = -2*a + c*k. What is g(a)?
-6
Let c(a) be the second derivative of a**6/180 + 7*a**5/120 + 5*a**4/24 + a**3/2 + 5*a. Let w(f) be the second derivative of c(f). Determine w(-4).
9
Suppose 0 = 5*c + 5 - 0. Let d(r) = r**3 - r - 1. Let f(t) = -8*t**3 + t**2 + 2*t + 2. Let a(b) = c*f(b) - d(b). Let n = 9 + -10. Determine a(n).
-8
Let k(z) = -1 - 2 + z**2 - z + 4*z. Suppose 7*s = 4*s - 5*x - 14, 16 = -4*s - 4*x. Determine k(s).
-3
Let j be 3*((-13)/(-3) - 1). Let s(q) = 2*q - j*q - 4*q. What is s(1)?
-12
Let b be 9/(9/(-6) - 0). Let a(p) = p**2 + 6*p + 6. Calculate a(b).
6
Let j = -3 - -2. Let s(d) be the second derivative of 1/4*d**4 + 0 - 1/2*d**2 + 3*d - 1/6*d**3. Calculate s(j).
3
Let z(f) = -4*f**2 + 2*f + 2. Let y(i) = -1 - 2 + 5*i**2 - i - 2*i. Let w(b) = -3*y(b) - 4*z(b). Suppose -5*m + 3*x + 6 = x, 4*m - 2*x = 6. Calculate w(m).
1
Let o(h) be the first derivative of h**3/3 + 5*h**2 + h + 1. Let q be o(-9). Let i = -11 - q. Let m(w) = -w - 5. Determine m(i).
-2
Let u be (10/4)/((-1)/(-2)). Let w = u - 5. Suppose w*r - 1 = -r. Let l(f) = -f**3 - f**2 + 2*f - 1. What is l(r)?
-1
Let h(p) = 2*p + 5. Suppose 2*y + 0 = 4. Suppose y = -n - 4. Calculate h(n).
-7
Let l(i) = i + 11. Let u = -48 + 43. Give l(u).
6
Suppose 3*u = 2*k + 44, -2*k - 2*k - 4 = 0. Suppose u = -3*m - 1. Let f(i) = -4*i + 3. Let v(g) = 2*g - 1. Let n(p) = 6*f(p) + 13*v(p). Calculate n(m).
-5
Let h(m) = m**2 + 5*m - 2. Suppose u + 4*u - 105 = 0. Suppose 0 = -3*p + 3 - u. What is h(p)?
4
Let s(u) = -3*u + 1. Let t be 9/(-6)*12/(-18). Give s(t).
-2
Let n(m) = 4 + 5*m - 6*m + m**2 - 2 - 3. What is n(3)?
5
Let v(k) = -k**2 + 11*k + 3. Let u(i) = i + 1. Let s(n) = -5*u(n) + v(n). Let t = -2 - -5. Suppose 4*c = t*p - 14, 2*c + 10 = p + p. Give s(p).
-2
Let f(l) = l + 5. Let t be f(-5). Let w = t - 1. Let i(k) = -7*k**3 + 2*k**2 - 1. Give i(w).
8
Let g(c) = 4*c**3 + c**2 + 2*c + 1. Let b(u) = -3*u**2 - 5*u**2 + 7*u**2 - u - u**3. Let j(l) = 2*b(l) + g(l). Determine j(1).
2
Let x(u) = 5. Suppose -i - 5*d + 25 = 3, 24 = 2*i + 5*d. Let v(l) = -l. Let g(o) = i*v(o) + x(o). Determine g(5).
-5
Let c(u) = -u**3 + u - 6. Let y be (-5)/15 - 1/(-3). Let w be c(y). Let s(b) = b**3 + 6*b**2 + b + 1. Determine s(w).
-5
Let p(o) = -1 + o + o**2 + 1. Let u be p(-1). Let f(q) = u*q**2 + 4*q**2 + 3*q + 4*q - q + 4 - q**3. Give f(5).
9
Suppose 0 = 4*a + a - 10. Let n = a - 0. Let p(m) = m**2 - 6. Let g(q) = q**2 - 5. Let w(r) = -4*g(r) + 3*p(r). What is w(n)?
-2
Let j(y) = -10*y + 6. Let k(f) = -f. Let w(c) = -2*j(c) + 18*k(c). Let u = 242 - 234. What is w(u)?
4
Let u(s) = -7*s + 9. Let z(p) = 0*p - 4 + 0 + 3*p. Let t be 1*-1 - (3 - 6). Let h(l) = t*u(l) + 5*z(l). Calculate h(-2).
-4
Let w(m) = 6*m**2 + 3*m - 3. Let t(q) = -13*q**2 - 6*q + 7. Let h(k) = -4*t(k) - 9*w(k). Give h(-2).
-3
Suppose 0 = -5*u + 4 - 19. Let x(l) be the third derivative of l**5/60 + 5*l**4/24 + 2*l**3/3 - 23*l**2. Calculate x(u).
-2
Let g(x) = -6*x - 4. Let f be ((-4)/(8/3))/(9/30). Give g(f).
26
Let q(z) be the first derivative of z**3/3 - 3*z**2/2 + 5. Let b = 3 + 0. Calculate q(b).
0
Suppose -2*l = 4*h - 14, 0 = h - 0*h + 3*l - 1. Suppose 0 = h*y + 2*z + 2, 4*y = -3*z + 3 - 8. Let g(p) = -13*p**3 + p**2. What is g(y)?
-12
Suppose -5*z + 2*w = -3, 0 = -w + 3*w + 8. Let g be 5/z + 4/4. Let y(q) = -q**3 - 4*q**2 - q - 2. Let u be y(g). Let d(s) = 2*s**2 - 2. Determine d(u).
6
Let j(i) = 3*i - 6. Suppose -p = 2 + 3. Let b(k) = -2*k + 5. Let h be -3 - 1/((-3)/(-3)). Let l(z) = h*j(z) + p*b(z). Give l(-3).
5
Let v(a) = 3*a**2 - 1 + 2 + 4*a**2 - 8*a**2 - 3*a. Let u(m) = 4*m + 1. Let n be u(-1). Calculate v(n).
1
Suppose 0*y + 4*y = -16. Let t(b) = -3*b - 5. Give t(y).
7
Suppose 0 = b + 4*d + d - 2, 3*d - 2 = -b. Suppose b*a = -1 - 7. Let g(q) = -q**2 - 5*q - 2. Calculate g(a).
2
Let n(c) = 2*c + 3. Let b(y) = y**2 - 16*y - 20. Let t be b(17). What is n(t)?
-3
Let z(u) = u - 2. Let r(y) = -y**3 + 15*y**2 - y + 17. Let c be r(15). Suppose -2*w = -5*q + 20, -5*q + q - c = 2*w. What is z(q)?
0
Let p be 5 - (0 + 1) - 7. Let g(v) = v**3 + 3*v**2 + v - 1. Determine g(p).
-4
Let j(a) = -a**2 - 3*a + 4. Let l be j(-3). Suppose -2*t - 1 = 4*k - 5*t, -3*t + 15 = 3*k. Let u(n) = -7*n + 2*n**k - 2*n**2 + n**2 + 6 + 0*n**2. Give u(l).
-6
Suppose -30 = -5*o + 2*o. Suppose 0 = 3*b - o + 1. Let y(m) be the first derivative of m**3/3 - 1. What is y(b)?
9
Let g be 6/(-12) - (-14)/4. Suppose 8 = -g*u - u. Let c(a) = -a**3 + 4*a**2 - 5. Let y(r) = 3*r**2 - r - 4. Let w(f) = 2*c(f) - 3*y(f). What is w(u)?
8
Suppose -6*h - 4*s - 2 = -h, -2 = 2*h + 2*s. Let c(t) be the first derivative of -t**3 + 3*t**2/2 - t + 2. Calculate c(h).
-7
Let y = -7 - -12. Suppose 0 = -4*j - j + 15. Let w(q) = -j - 2 + q + 0. Calculate w(y).
0
Suppose 2*u + 1 = 2*f + 7, 0 = f. Suppose -s + 10 = 2*s + 4*v, -u*v = 2*s - 7. Suppose -l = o + 3, 2*l + s*o + 11 = -o. Let g(r) = -5*r + 2. What is g(l)?
-8
Let d(z) = z**2 - z + 10. Let a be (-4)/(-2) + 0 + -2. Give d(a).
10
Let s(a) = a**2 + a. Let h(o) = -2*o**2 - o. Let d(w) = h(w) + s(w). Determine d(-2).
-4
Let n(j) = -j**3 + 4*j - 3. Let l(b) = -b**3 - 4*b**2 - 6*b - 7. Let x be l(-3). Determine n(x).
-3
Let v(h) be the second derivative of -h**3/2 + 3*h**2 + 7*h. Calculate v(4).
-6
Let a(u) = -2 + 3*u**3 + 1 + 2*u**3 + u. Let v be ((-27)/18*(-4)/6)/1. Give a(v).
5
Let a(t) = -3*t**3 + 2*t**2 - 3*t - 6. Let m(h) = 4*h**3 - h**2 + 3*h + 7. Let x(y) = -3*a(y) - 2*m(y). Calculate x(3).
4
Let l = -7 - -8. Let j be l/(-1) - 2*-2. Let g(p) = -3*p + 2. What is g(j)?
-7
Let f(j) = -j + 4. Let u(m) = -m + 3. Let q(c) = 4*f(c) - 6*u(c). Let s(z) = z**2 + 4*z + 3. Let a be s(-4). Let v = -7 + a. Calculate q(v).
-10
Let d(a) = a + 4. Let j(b) = 2*b - 4*b**2 - b**2 + 0*b**2 + b**3 + 2*b. Let y be (-14)/(-4) + 1/2. Let s be j(y). Give d(s).
4
Let g(k) = 7*k**2 + 6*k + 10. Let l(y) = 6*y**2 + 6*y + 9. Let q(d) = -5*g(d) + 6*l(d). Give q(-5).
-1
Let m(d) = -3*d. Suppose 5*i + 7*l + 15 = 2*l, 0 = -l - 5. Give m(i).
-6
Let y(b) = -b**2 + 6*b + 101*b**3 + 3*b**2 - 102*b**3 - 2. Suppose 3*t = 9 + 3. Calculate y(t).
-10
Let t be (1/2)/((-2)/8). Let z(i) = -i + 5*i - 2*i - i**2 + 1 - 6*i. Calculate z(t).
5
Let r(w) = 12*w**2 + 5. Let k(p) be the second derivative of -p**4/12 - p**2/2 + 5*p. Let n(a) = -4*k(a) - r(a). What is n(-1)?
-9
Let o(x) = -x + 3. Let p be (48/(-18))/((-4)/6). Let f be (p/(-10))/(3/(-90)). Let y = f + -7. Give o(y).
-2
Let x(z) = 1. Let h(n) = n**3 - 4*n**2 + 4. Let c be h(4). Let t(b) = -b + 2. Let d(m) = c*x(m) - t(m). Calculate d(-2).
0
Let l = -18 + 11. Let b(g) be the first derivative of g**2/2 + 7*g + 1. Let s be b(l). Let m(y) = -y**2 - y + 1. Give m(s).
1
Let w(n) = 11 - 7 - 5 + n. Give w(0).
-1
Let k(o) = -3*o + 11*o - 51 - 2*o**2 + 46. Calculate k(5).
-15
Let g(a) be the first derivative of -a**4/4 - 5*a**3/3 + 9*a**2/2 + 9*a + 8. Let c(j) = j**3 - 6*j**2 + 5*j - 6. Let s be c(5). What is g(s)?
-9
Suppose 2*b + 3 = 3*b + 3*v, -40 = 4*b - v. Let w(k) = -k**3 - 10*k**2 - 8*k + 11. Determine w(b).
2
Let s(l) =